-22. Suppose 2*w + 5*j = 3*j - f, -w - 3*j = 1. Determine v(w).
6
Let u(f) = f**2 - 5*f + 5. Suppose -5*w = -2*g - 16, 1 = 2*g - 3. Let t be w/(-16) - 63/(-12). Give u(t).
5
Let c be 1 + (12/(-2) - 0) + 0. Let z(k) be the first derivative of k**4/24 + 2*k**3/3 - k**2 + 1. Let g(o) be the second derivative of z(o). What is g(c)?
-1
Let c(z) = z - 4*z**3 - 19 + 19. Calculate c(-1).
3
Let h(y) be the third derivative of -y**4/24 - y**3/2 + 2*y**2. Let w be -1 - -1 - 30/10. Determine h(w).
0
Let y(m) be the first derivative of m**3/3 - 5*m**2/2 - 5*m + 1. Give y(5).
-5
Let u(t) = 2*t. Suppose -3*r - q + 8 = 14, 5*q = -r + 12. Calculate u(r).
-6
Let c be (-1)/(-1 - 4/(-6)). Let d(f) = -f + 2*f**2 + 0*f**3 + 4 + 2*f - f**c. Calculate d(3).
-2
Let k(n) = n - n**2 - 4*n**2 + n**3 + 0*n + 6 - 3*n. Let i = 9 + -4. Suppose b - i*c = -5, -c + 17 = -0*b + 3*b. Calculate k(b).
-4
Let f(h) be the third derivative of -h**5/60 + h**3/3 + 8*h**2. Suppose -5*t + 8 = -7. What is f(t)?
-7
Suppose -19 = 5*m + 6. Let k(i) = 2*i + 5. What is k(m)?
-5
Let u(h) be the first derivative of -6*h**3 + 2*h**3 + 5*h**3 + h - 1. Let t = -39 - -40. What is u(t)?
4
Let r(s) = s - s + 218*s**3 - 220*s**3. Give r(-1).
2
Let l be 35/3 + 1/3. Let x be (3/(-2))/3*16. Let d be 63/l - (-2)/x. Let k(a) = -a**2 + 5*a - 1. Determine k(d).
-1
Let t be (-1)/2 - 3/2. Let c be (-4)/(-14) + (-24)/(-14). Let w(p) = p**3 - 2*p - 3 + 0*p**c + 0*p + p**2. Give w(t).
-3
Let t(v) = -v**3 + 4*v**2 + v - 1. Let o(a) = -2*a**3 + 4*a**2 - 2. Let b(g) = -3*o(g) + 4*t(g). Calculate b(-2).
-6
Let o(t) = -5*t**3 - t**2 + 1. Let r = 3 + 17. Let g = r - 19. Calculate o(g).
-5
Let z(v) = 3*v**2 + v - 1. Let r be z(1). Let b(m) = -m + 3*m - r*m + 0*m. Calculate b(-5).
5
Let q(x) be the third derivative of x**5/60 - x**4/24 - 3*x**3/2 + 5*x**2. Give q(0).
-9
Let s(d) = 4*d**2 - 6*d - 6. Let m(g) = -11*g**2 + 18*g + 18. Let p(w) = 3*m(w) + 8*s(w). Determine p(7).
-1
Suppose 2*f + 5 = -3*f. Let k = f - -6. Let o(d) = -d**3 - 3*d**2 - d + k*d - 2*d. What is o(-3)?
-6
Let b(c) be the first derivative of c**2/2 - 4*c - 6. What is b(-5)?
-9
Let v(a) = -7*a + 47. Let f be v(7). Let t(y) be the third derivative of -y**4/6 - y**2. Determine t(f).
8
Let z be (2 - -1) + 5*(-10)/(-25). Let h(k) = k - 3. What is h(z)?
2
Let h(f) = -3*f - 1. Suppose x - 4*x = 6. Let g be -2 + (2 - (-2)/x). Calculate h(g).
2
Let t(d) = -6*d + 15. Let y(w) = w - 3. Let x(v) = -2*t(v) - 11*y(v). Suppose 5*s = -19 + 19. What is x(s)?
3
Let n(q) = -6*q. Let g(l) be the first derivative of l**2/2 - 1. Suppose -3*p - 20 = t - 8, 3*t - 8 = 2*p. Let o(a) = p*n(a) - 27*g(a). What is o(2)?
-6
Suppose -4*t + 5 = -3*t. Let u(n) = 2*n**2 + 12*n + 2. Let f be u(-6). Suppose t*p = 13 + f. Let v(b) = -2*b. Calculate v(p).
-6
Let b(f) = -4 + 5*f + 2 - 7*f. What is b(2)?
-6
Let p(j) = j**3 + 4*j**2 - 5*j - 4. Let i(x) = x**2 - 5*x - 3. Let d be i(6). Suppose d*c = 2*c - 5. Determine p(c).
-4
Let v(x) be the third derivative of -1/30*x**5 - 2*x**2 + 0 + 1/3*x**3 + 0*x + 1/12*x**4. Determine v(2).
-2
Let d(i) be the second derivative of -i**4/12 + 7*i**3/6 - i**2/2 + 49*i. Let r be 6 - (1 + (1 - 1)). What is d(r)?
9
Let f(t) = -t - 3. Let m be f(-4). Let y(n) = 7*n + 4. Let q(i) = i + 1. Let p(r) = 5*r + 5. Let b(j) = -p(j) + 6*q(j). Let h(l) = -4*b(l) + y(l). Give h(m).
3
Let k be 2/4*-2 - 9. Let b be (-8)/6*15/k. Let m be 3 - -3 - 2/b. Let p(s) = s**3 - 5*s**2 + 6. Determine p(m).
6
Let y(t) be the third derivative of t**6/120 - t**5/12 + t**4/4 - t**3/2 - t**2. Determine y(4).
5
Let h(o) = -2*o**2 - 2. Let u(n) = -n**2 - 1. Let z(k) = k + 4. Let v be z(-7). Let f = -6 - v. Let y(d) = f*u(d) + h(d). Give y(2).
5
Let m(y) be the first derivative of y**4 - 2*y**3/3 + y**2 - y - 4. Give m(1).
3
Let y(o) = -o - 4. Let q(m) = 6*m**2 + m. Let j be q(-1). Suppose 0 = 5*t + j*i - 5, -5*i = 2*t - 0*i + 4. Give y(t).
-7
Let v(h) = 14*h**3 + 7*h**2 + 10*h + 1. Let q(m) = 5*m**3 + 2*m**2 + 3*m. Let a(x) = -11*q(x) + 4*v(x). Calculate a(-5).
-6
Let n(c) be the third derivative of c**4/24 - c**2. What is n(-4)?
-4
Let o(y) = 8*y**2 + 3 - 5*y**2 - y**3 + 4*y - 9. Give o(4).
-6
Let g(l) = -2*l + 2. Let c be (-12)/10*(-25)/2. Suppose -4 = -0*v - v. Suppose -4*h + c = 5*d, 12 = v*d - h - h. Give g(d).
-4
Let s(n) = -n + 3. Let d(q) = -q + 2. Let x = -6 + 4. Let c(w) = x*s(w) + 3*d(w). What is c(5)?
-5
Let h(r) = -12 - 3*r**2 - r**3 + 9*r**2 + 6 + 4*r + 2*r**3. Determine h(-5).
-1
Let f(p) = -2*p + 8*p - 2 + 2*p**3 - 3 - 3*p**3 - 6*p**2. Let d be 4 - 1 - 0 - 10. What is f(d)?
2
Let d(a) = 4*a**3 - 3*a - 2 + 3*a**3 - 6*a**3. Let r(n) = -n**2 - 39*n - 76. Let w be r(-37). What is d(w)?
-4
Let h(r) be the first derivative of 1/2*r**2 - 1 + 4*r. Let p = 28 + -33. Give h(p).
-1
Let s(n) = 6*n - n**3 + 0*n + n**2 - 4*n + 1. Let z(d) = d**2 + 7*d - 5. Let b be z(-8). What is s(b)?
-11
Let i(z) be the third derivative of 1/8*z**4 + 0 + 1/6*z**3 + 0*z + 2*z**2. Let d be (0 - -2)*(-6)/4. Determine i(d).
-8
Let c(o) be the second derivative of 2*o**3/3 + o**2 - 6*o. What is c(-3)?
-10
Let u = 2 - -1. Let d(q) = -5*q**3 + 0*q**3 + 2*q**2 - 2 + 4*q**u - q + 2*q**3. What is d(2)?
12
Let l(f) = -3*f - 2*f**2 + 2 + 3*f**2 - 2*f**2. Let u be 1/((2/(-3))/2). Determine l(u).
2
Suppose -7*g + 6*g - 3 = 0. Let b(w) = 2*w**2 + 3*w - 4. Calculate b(g).
5
Let d(b) = 3*b + 2. Let s(p) = -3*p - 2. Let y(r) = 2*d(r) + 3*s(r). Calculate y(2).
-8
Let l(n) = 39 + 0*n - n - 83 + 39. Determine l(-3).
-2
Let j be -1 + 3 - (1 + -4). Let v(r) be the third derivative of 0*r - 2*r**2 + 5/24*r**4 + 1/6*r**3 + 0 - 1/60*r**j. Determine v(5).
1
Let l be ((-6)/8)/((-2)/(-8)). Let r(v) = -3*v**3 + 7*v**2 + 3*v + 8. Let b(n) = -4*n**3 + 8*n**2 + 2*n + 8. Let s(a) = l*r(a) + 2*b(a). What is s(6)?
-2
Suppose -3*a + 2*a + 1 = 0. Let n = a - 7. Let x be (-2)/n + (-70)/(-15). Let h(q) = q - 1. Give h(x).
4
Let l(t) = 3*t - 1 - 5*t**2 + 2*t**2 - 1. Suppose 7 = 5*q - 3. What is l(q)?
-8
Let n(h) = -4 + h + 7 - 4*h + 0*h**2 - h**2. What is n(-3)?
3
Let j(y) be the third derivative of -y**4/24 + 7*y**3/6 + 5*y**2. Let k be j(10). Let v(c) = -c**3 - c**2 + c - 3. Calculate v(k).
12
Let o(s) = -5*s - 3 + 4 + 0*s**2 - 2 + s**2. Give o(4).
-5
Let x(w) = -w**2 + 6*w - 3. Let j be x(7). Let b be (-1 - 4)*16/j. Let r(h) = -11*h - 15. Let n(v) = 7*v + 10. Let p(s) = b*n(s) + 5*r(s). Give p(-4).
1
Suppose -4*n + 20 = n. Suppose -2 = -n*x + 2. Let a(l) = -9*l**2 - l + 1. Determine a(x).
-9
Suppose 0*g + g - 2 = 0. Let j(v) be the first derivative of -3*v + v**g + 2 + 2*v + 2*v**2. What is j(1)?
5
Let t(h) be the first derivative of h**3/3 - 5*h**2/2 + 3*h + 13. Give t(5).
3
Suppose -2*u + 5*u = -3. Let a(l) = 10*l. Let x(c) = 9*c. Let p(t) = -3*a(t) + 4*x(t). What is p(u)?
-6
Suppose -c = 3*c - 4. Let n(f) = -10*f - 3. Let w(m) = 7*m + 2. Let h(l) = 5*n(l) + 8*w(l). Let t(g) = -6*g - 1. Let b(s) = -3*h(s) - 4*t(s). Determine b(c).
7
Let b(p) = p + 17. Let a = -16 - -16. Determine b(a).
17
Let u be ((-6)/4)/((-1)/(-2)). Let m(b) = -3*b**2 + 2*b + 1. Let d(n) = 7*n**2 - 5*n - 2. Let z(j) = 2*d(j) + 5*m(j). What is z(u)?
-8
Let b(h) be the second derivative of -h**4/12 - h**3/2 - h**2 + 7*h. Give b(-2).
0
Let l(v) = -v**3 - v**2 + v + 5. Let g be l(0). Suppose -5 + 25 = g*d. Let o(t) be the second derivative of -t**3/3 + 5*t**2/2 - t. What is o(d)?
-3
Let q(b) = b**2 + b - 1. Let t(r) = 6*r**2 - 11. Let y(p) = -5*q(p) + t(p). Determine y(6).
0
Let g = -5 - -8. Suppose -5*c - g = 12. Let j(o) = 6*o - 1. Let h(n) = -19*n + 2. Let p(m) = 2*h(m) + 6*j(m). Calculate p(c).
4
Let u(k) = 7*k**2 + 2*k + 1. Let r be -4*(-2)/(-8)*14. Let q = -15 - r. Give u(q).
6
Suppose -4 = -3*c + 2*c. Suppose -c*j + 4 = 3*y, 0*j + 5*j = 4*y + 36. Let p(q) = q**2 + 5*q - 1. Calculate p(y).
-5
Let f(c) be the third derivative of -1/60*c**5 - 1/6*c**3 + 2*c**2 + 0 + 0*c - 1/24*c**4. Suppose 0*b - b + 2 = 0. What is f(b)?
-7
Let t(u) = 0 - 5 + 2 - u + u**2. Calculate t(0).
-3
Let d(z) = z + 5. Let b = -24 + 19. Let r be (-2)/4*(-50)/b. Calculate d(r).
0
Let g(c) be the second derivative of 1/2*c**2 + 1/60*c**5 + 0 - 2/3*c**3 + 1/8*c**4 - 3*c. Let d(q) be the first derivative of g(q). Determine d(-5).
6
Let v be (-2)/(-4)*5*2. Let q be 1 + 18/3 + 1. Let l(i) = 2 + i**